201 = 2*w, w = -2*v + 387. Calculate the greatest common factor of v and 78.
39
Let p(i) = 3 + 2*i - 6*i - 14 - 9 + 2*i**2. Let c be p(-6). Calculate the greatest common divisor of 57 and c.
19
Let i = -52 - -34. Let v = 45 + i. Let c(w) = 66*w - 321. Let q be c(5). Calculate the highest common divisor of q and v.
9
Let v(i) = -5*i - 13. Let t be v(-8). What is the highest common factor of 6 and t?
3
Let v be (25/75)/((-4)/(-4788)). Calculate the greatest common factor of 21 and v.
21
Suppose -346 + 71 = -5*h. Let s be (1/(-2))/(-1)*0. Suppose 26*m - 28*m + 10 = s. Calculate the greatest common divisor of m and h.
5
Let n(v) = v + 46. Let w be n(-14). What is the greatest common factor of w and 48?
16
Let k be 3 + 3 + 6/(-2). Let d be k/(-7) + (-4942)/(-98). Calculate the greatest common factor of d and 20.
10
Let b(s) = -s**3 - 9*s**2 - 9*s + 7. Let r be b(-8). Let m = 104 + -44. Calculate the greatest common divisor of r and m.
15
Let l = 2034 - 1737. Calculate the highest common factor of l and 189.
27
Suppose -4*s = 3*z - 153, -2*s + 45 = -s + 3*z. What is the greatest common divisor of 4 and s?
4
Let m(w) = -55 - 47 - w**3 - 17*w**2 - 23*w + 15. Let i be m(-16). Let t be ((-7)/(-3) - -1)*3. What is the highest common divisor of t and i?
5
Suppose -t - 3*t = 3*p - 64, -t + p + 16 = 0. Let l = t + -14. What is the highest common divisor of l and 16?
2
Suppose 16 = -2*u + 18. Let d(h) = -h - 4. Let y be d(-4). Let c = 9 + y. What is the greatest common factor of u and c?
1
Let h = 23 - 16. Suppose 2*f = -a - 4, -5 - 4 = 3*a + 5*f. Let y = a - -26. What is the greatest common factor of y and h?
7
Suppose -9*j + 17*j - 624 = 0. Suppose s - 81 = -j. Let r(o) = o**3 - 6*o**2 - o + 7. Let a be r(6). Calculate the greatest common factor of s and a.
1
Suppose 0 = -z - 2*z + 111. Calculate the greatest common divisor of 37 and z.
37
Let c(a) = -30*a + 448. Let l be c(14). Let n be (-84)/(2 + (-10)/4). Calculate the greatest common factor of l and n.
28
Let x be ((-2)/(-4) - 1)*(-521 - -49). Suppose 8*d = x + 196. Calculate the highest common divisor of 72 and d.
18
Let j(b) = -b**2 + b - 1. Let t(z) = -3*z**2 + 15*z + 18. Let u(h) = -2*j(h) + t(h). Let o be u(13). Calculate the highest common factor of 15 and o.
5
Suppose -120 = 5*j - 11*j. What is the highest common factor of 310 and j?
10
Suppose 5*f - 4*f = 6. Suppose 5*d - b = 91, 3*b - 27 - 4 = -d. Let z = d + 5. Calculate the greatest common factor of z and f.
6
Suppose 0 = -0*d - 4*d - 468. Let h be (-2)/3*d/6. Suppose -h = 4*b - 193. Calculate the highest common factor of 9 and b.
9
Let x(s) = 2*s**2 - 8*s. Let j be x(6). Suppose 3*h + 0 - 42 = 2*c, -4*c = 5*h - 92. What is the highest common factor of j and h?
8
Let z(w) = -40*w + 10. Let k be z(-6). Suppose p + 112 = -2*m + 624, -m - 2*p = -k. Suppose v - m = -5*v. Calculate the greatest common divisor of v and 301.
43
Suppose -4*h + 105 + 335 = 0. Let c be 670/67 + (3 - 6/2). What is the highest common divisor of c and h?
10
Suppose 21 = 3*v - 12. Let a(q) = -q**3 - 13*q**2 + 11*q - 38. Let u be a(-14). Suppose -v*h + 12*h = u. Calculate the highest common divisor of h and 1.
1
Let g(h) = 2*h**3 - 11*h**2 - h. Let m be g(6). What is the highest common factor of m and 60?
30
Let o = 97 + -89. Suppose 16*r = 17*r - o. Calculate the greatest common divisor of 10 and r.
2
Let q(m) = -3*m + 1. Let u(f) = -f - 9 + 10 - 1. Let i(o) = 4*q(o) - 11*u(o). Let p be i(-5). Calculate the greatest common divisor of 63 and p.
9
Suppose -6*l + l + 2*d = -75, 2*l + 2*d = 16. Suppose 32*i = 215 + 6 + 1859. Calculate the greatest common factor of l and i.
13
Suppose 13*w = 7*w + 24. Let q = -251 + 168. Let c be q/(-3) + 1/3. Calculate the greatest common factor of w and c.
4
Let b = 223 + 11. Let p(f) = 6*f**2 + 70*f - 146. Let r be p(2). What is the greatest common divisor of b and r?
18
Let j(w) be the third derivative of w**5/20 + 3*w**4/4 - 2*w**3/3 + 5*w**2. Let g be j(-7). What is the greatest common divisor of g and 153?
17
Let o be (36/(-20) - -2) + 769/5. Calculate the highest common divisor of o and 66.
22
Let v(x) = -x + 3. Let b be v(3). Suppose b = -t + 14 + 7. What is the greatest common divisor of t and 21?
21
Let j be (6/(-2))/((-6)/8). Suppose -1 = -5*i + j. Suppose -2*k - 5*o = -43, -2*k + 3*o + 2 = -1. Calculate the highest common divisor of k and i.
1
Let d = 409 + -257. Calculate the greatest common divisor of 988 and d.
76
Let n = -423 + 430. What is the greatest common factor of n and 273?
7
Let v = -57 + 61. Suppose -3*c = -v*b - 2, -b - 5*c + 13 = 2. Calculate the greatest common factor of 8 and b.
1
Let f(t) = -t**2 - 38*t + 854. Let u be f(-41). What is the highest common divisor of u and 86?
43
Let a(g) = 982*g**3 + g**2 - 8*g + 9. Let h be a(1). Calculate the highest common factor of h and 24.
24
Suppose -60 = -3*r - 3*u - 2*u, -r + 10 = 5*u. Calculate the greatest common factor of r and 100.
25
Let p be 4/(-6) + (-40)/3. Let f be p/49 - (-1194)/14. Suppose 2*c = 7*c - f. Calculate the greatest common factor of c and 34.
17
Let o = -82 + 145. Let x = -658 - -700. What is the greatest common factor of o and x?
21
Suppose -44869 - 16619 = -21*f. Calculate the greatest common divisor of f and 12.
12
Suppose 4*r = 140 + 64. Let j = 58 + -58. Suppose w - 6 - 11 = j. What is the highest common factor of r and w?
17
Let r(o) = -15*o**2 + o + 4. Let w(p) = 91*p**2 - 6*p - 23. Let c(l) = 34*r(l) + 6*w(l). Let n be c(-1). What is the greatest common factor of 18 and n?
18
Suppose -406 - 1274 = -4*z. Suppose -2*q + z = 2*q. Calculate the highest common factor of q and 35.
35
Let l = 26 - 15. Suppose 0 = -4*j + 3*a + 44, 4*a + 0 = -2*j + 22. What is the greatest common factor of j and l?
11
Let r(k) = 5*k - 12. Let g be r(4). What is the highest common divisor of g and 376?
8
Let k be 11492/20 + 1 - (-36)/90. Calculate the greatest common factor of k and 1008.
144
Let s(w) = -w - 2. Let p be s(-4). Suppose -8*m + 12 = -p*m. Let b be 39 + (m - -1) - 2. What is the highest common divisor of b and 4?
4
Let b(t) = 23*t + 8. Let f be b(3). Suppose 4*j + 5*p - 59 = f, j - 34 = 5*p. Calculate the highest common divisor of j and 374.
34
Let f = 44 + -68. Let o be ((-98)/4)/(6/f). Let x be (-2)/10 - (-142)/10. What is the highest common divisor of o and x?
14
Suppose -3*k + 5*z + 89 = 0, 3*z = 2*k - 0*z - 59. What is the greatest common factor of 350 and k?
14
Let l(j) = -j**2 - 4*j - 6. Let b be l(-4). Let h be -19*4/b + (-5)/(-15). Suppose -2*v = v - 156. What is the greatest common divisor of h and v?
13
Suppose y = -5*k - 84, 3*k + 36 = 5*y + 8. Let s be (-2)/(-4) - 888/k. What is the highest common divisor of 8 and s?
8
Let k = -5953 + 5955. Let s(v) = -v**2 + 6*v + 1. Let n be s(6). Calculate the highest common factor of k and n.
1
Let h be (-14)/(-21) - (-1 + 6/9). Let g be 46/h - (-12)/(10 - 4). Calculate the greatest common divisor of 3 and g.
3
Let d = -160 - -230. Let k be (2/5*1)/(14/d). What is the greatest common divisor of 2 and k?
2
Let f be 28*(12/(-16))/(6/(-26)). What is the greatest common factor of f and 13?
13
Suppose 3*x = i + 12, 2*x - 8 = i + 2*i. Let y be (6/x)/(-1)*-2. What is the greatest common factor of 33 and y?
3
Let g be (159/(-9))/((-1)/3). Suppose -5*t + 8 = g. Let l = t + 23. Calculate the highest common divisor of 42 and l.
14
Suppose -34 = -5*d + 366. What is the greatest common factor of 20 and d?
20
Let m be 342/27*(-24)/(-16) + -7. Suppose 2*v = 6*v + 5*b - 407, -2*v - 3*b = -201. Calculate the highest common divisor of v and m.
12
Suppose -5*t = 4*z - 3*z - 14, -3*t + 5*z = 14. Let j be (-6 + 3 + t)*-264. Calculate the highest common factor of j and 33.
33
Let h be ((-4)/(88/(-33)))/((-3)/(-1060)). What is the greatest common factor of 848 and h?
106
Let q(m) = m**3 - 5*m**2 + 6*m - 6. Let n be q(4). Let p be (-1 - 3) + 62/n. What is the highest common factor of 18 and p?
9
Let d(f) = f**3 + 9*f**2 + 12*f + 19. Let v be d(-8). Let q(t) = -t**3 - 12*t**2 + 4*t - 13. Let n be q(v). What is the highest common divisor of n and 26?
26
Suppose -3*h - 12 = f - 111, 5*f = 2*h + 495. Let m be 10 + (-6 - -3) + (-1 - -3). What is the highest common factor of f and m?
9
Suppose -7*t = -9*t + 178. Calculate the great